) + (1 - -6)
42
32 + (18 - (16 - -2)) + -2
30
(9 - (-1 + 3)) + (-7 - -5)
5
What is the value of (-81 - -39) + 62 + -19?
1
Evaluate -64 + -4 + 6 + 12 + -14 + (3 - -1).
-60
Calculate -19 - (58 - (4 - -47) - (14 - -1)).
-11
What is the value of (2 - (1 + -14)) + 96 + -239 + 78?
-50
What is the value of 2 - (4 + -3) - (331 + -321) - 13?
-22
-25 + 55 - 10 - 8
12
What is the value of -64 - (-34 + 33 + -22 + 2)?
-43
Calculate (71 - -2 - 28) + -2 + -17.
26
What is -37 - (39 + -64 - (-24 - 20))?
-56
Calculate (-13 + -8 - -17) + 5 + 7 - -97.
105
-6 + 31 - (783 + -817)
59
What is 130 + -135 - (1 + 0 - 6) - (-23 + -9)?
32
(21 - -2) + (-276 - -177) + 73
-3
What is the value of 5 + 6 + 49 + (-7 - -9) + -19 + 4?
47
What is the value of 15 + -8 + (7 - (10 + -4)) + -59?
-51
Evaluate -3179 + 3127 + (86 - 2).
32
Calculate -3 + -8 - (-16 + 20) - -57.
42
-74 + (-16 - (32 + -59))
-63
Evaluate 24 - ((7 - 10) + 0).
27
Evaluate 2 - 2 - (136 + -114 - 51).
29
(-404 - -431) + 9 + -2 + 0
34
What is the value of 39 - 36 - 11 - (-49 - (3 + -2))?
42
What is -12 + 41 + (4 - 1 - (-39 + 33))?
38
Calculate (19 + -8 + -56 - 0) + (0 - 4).
-49
What is (-11 - (-1 - 0)) + (21 - 1) + -115 + 130?
25
What is the value of 84 + (-10 - (39 + -18))?
53
What is -6 + (-13 + -9 + 13 - -5)?
-10
Calculate 1 + 1 + 54 - (24 - -30 - 67 - -18).
51
What is (119 - 85) + 254 + -144?
144
What is -4500 - -4513 - (1 + 0 + -53 - -1)?
64
-1238 + 1204 + -2 + 28
-8
(1 - 1) + -5 + -312 + 313
-4
Evaluate 25 + (-97 - -66 - -77).
71
Calculate 1 - 53 - (-1877 + 1888).
-63
4723 + -4722 + -10 + -2
-11
Calculate (-33 - -32 - -1 - (1 - 29)) + 3 + -1.
30
77 + -106 + -89 - -82
-36
7 + 154 - -15 - 32
144
What is the value of -37 + (13 - 0) + 2 + -9 + 4 + 1?
-26
Evaluate 282 + -186 + (-17 - 33).
46
Calculate -8 - (-5 + -47 + 78).
-34
Calculate -12 - (99 + -109 - (95 + -6 - -3)).
90
Evaluate -14 + 19 + -23 + 4 + 20.
6
Calculate 1357 - 1329 - (0 - (2 - -5)) - 10.
25
Evaluate -21 - (41 + -40 + (5 - 7) + 4).
-24
What is 647 + -696 - (-27 + 3)?
-25
What is -25 + (-1 - 9) + (41 - (20 - -10))?
-24
40 + -6 + 6 + -39
1
Evaluate (-1 + -2 - (13 + -28 - -8)) + (32 - 9).
27
(2 - -8 - -4) + (-31 - 21 - 9)
-47
What is the value of -14 + 59 - (-41 + 102)?
-16
What is 67 + -11 - (-139 - -190)?
5
What is -1868 + 1931 - (-6 + 2)?
67
Evaluate (6 - 54) + (33 - 8) - -15.
-8
Calculate -60 - (-25 + 26 - -27 - 12).
-76
Calculate (-7 - 38) + (-8 - -2) - (3 - 2 - 10).
-42
Evaluate 7 + 2 + 3 + (0 - 9) - (-3 - -97).
-91
What is the value of -27 - -21 - -12 - 10 - (-57 + 0)?
53
Evaluate 4 + (-18 - 15) + -5 - -27.
-7
What is the value of 4 + (1 - 6 - (85 + -18)) - (286 + -284)?
-70
What is -1 + -32 + (-4 - (5 + -23))?
-19
What is the value of 2 + 10 + (-25 - -23) + 75 + -15?
70
(-451 - -447) + (28 - 2) + 35
57
Calculate 17 + 35 + (7 - 101).
-42
Evaluate 48 + -116 + 62 + -1 + (1 - 5).
-11
Evaluate -41 + -69 + 141 + -52 + 6.
-15
Evaluate -34 + 0 + (1722 - 1668).
20
Evaluate -9 + 46 - (15 - (-17 + 10)).
15
What is the value of -106 + -13 + (17 - 2 - -23)?
-81
-13 + -9 - (-10 - (-11 - -5)) - (-12 + 23)
-29
Calculate 3350 - 3307 - (20 + 0).
23
What is the value of -387 + 478 - (-9 + (-8 - 0) + -3)?
111
Evaluate 11 + -19 + -1 + 16 + -15 - -64.
56
What is the value of (8 - (18 - 13)) + -55 + 15 - -5?
-32
What is -155 - ((36 - 47) + -2) - -39?
-103
Calculate (39 - (17 + 24)) + (-1 - -2) + -11.
-12
(-1 + -7 - 2) + 42
32
What is the value of -1 + 125 - (3837 - 3738)?
25
23 + -22 + -20 + -17 - -1
-35
Calculate -104 - (-33 - -2) - (3 + 0) - 1.
-77
Calculate (-4 - 1 - 2) + 2 - (-488 + 487).
-4
Calculate -4 + -7 - (-1 + 2 + -20) - -26 - 8.
26
Evaluate 92 + -63 - (66 + -33).
-4
Evaluate -2 + 21 + (-21 - -13 - -13) + 6.
30
Evaluate (-8 - 8) + 45 + (-19 - -9).
19
Calculate 72 + -69 + 7 + -23 + -23 + 1.
-35
-77 + (9 - 76 - -148)
4
Evaluate (2 - (-23 + 13) - -10) + -8.
14
(-50 - (14 + -63)) + -45
-46
Calculate 127 + (31 - (136 + -50)).
72
Calculate (-39 - 28) + (13 - 41) + 14.
-81
Evaluate 60 + -204 - -84 - -111.
51
Evaluate (-70 - (-40 - 20)) + (-4 - 3 - -14).
-3
What is (14 - 3) + -94 - -37?
-46
Calculate 1612 - 1608 - (-68 + 6).
66
9 + 6 + (-79 - -6) + (-23 - (-3 - 8))
-70
Calculate 4 - (-17 - (-3 - 2 - (-6 + 12))).
10
What is 0 - 34 - (-1 - 1 - (-39 - -44))?
-27
What is the value of (-1 - -8) + (2 - 13) - (-15 + 7 + 42)?
-38
What is the value of -11 + (33 - 32) + -10 + 6?
-14
What is -21 - 1 - (-206 - (-195 + 60))?
49
Evaluate 4 + -4 + 47 + -98 + 96 + (1 - 2).
44
What is the value of -24 + -22 + 78 + -19?
13
Calculate -6 - (26 + -5 + (-1 - 11) + 5).
-20
What is -1 - ((-19 - -13) + 4 + 6) - 88?
-93
What is 1 + -4 - -20 - (7824 + -7749)?
-58
(-645 - -707) + ((-1 - 1) + 4 - 23)
41
Calculate -87 - -21 - -22 - (-2 + 9 + 3).
-54
(8 - 0 - ((-970 - -990) + -19 + 0)) + 25
32
Evaluate 0 - (-5 + 22 + (4 - 8)).
-13
What is the value of ((-9 - 8) + 13 - -18) + -137 + 5?
-118
What is -63 + -2 + 19 - (20 - 31) - -6?
-29
Calculate 0 + 69 + (8 - -11 - 15).
73
(-1 - 9) + ((-15 - -5) + 34 - 13) + -37
-36
37 + -44 + (-14 - (13 + (-95 - 12)))
73
Calculate -109 - (-70 + 84 - 25).
-98
-6 - ((-4 - (1 - 7)) + -4) - -37
33
-90 - (111 + -86) - (25 - 1)
-139
Calculate -50 + (-52 - (-55 + -83)).
36
Calculate -21 + -7 + 3 + 100 - (0 + -21).
96
Evaluate -37 + -8 - (-345 + 286).
14
What is the value of 8 + -6 + 12 + (-8 - 26) - -9?
-11
Calculate -39 - (10 - (13 + (13 - 2))).
-25
What is (-2 - (13 - 8)) + -15?
-22
Calculate (10 - 34 - (0 - 16)) + (98 - 73).
17
-3 + -2 + (21 - 1) + -28
-13
Evaluate (-1 - 8) + -18 + 8 + 5 + 23 + -10.
-1
What is 18 - -1 - (728 + -737)?
28
What is 14 + -2 + 3 + -5165 + 5193?
43
Evaluate 30 - (((8 - 2) + 3 - 4) + 0).
25
75 + -1 + -18283 + 18294
85
(-7 - 15 - -34) + 11 - (-2 - 1)
26
Calculate -84 + 64 + 35 + 2 + 67.
84
Evaluate -13 - -32 - (2 - -20) - (0 + 10 + 0).
-13
Calculate 5 + -44 + 52 + (3 - 20).
-4
(-35 - (-22 + -9)) + 12
8
Calculate 1 + -56 + 87 + -11.
21
Calculate -49 + 62 + 11 + -14 + -24.
-14
Calculate -46 - -24 - 38 - -33.
-27
-21 + 75 + -62 - (-48 - (0 - 1))
39
What is the value of 14 - (2 + -108) - 50?
70
What is 12 - 19 - ((86 - 38) + -41)?
-14
Calculate -58 + 28 + -22 + 11.
-41
33 + (-11 - (91 + -34))
-35
What is the value of 18 + -40 + 15 - (-4 + (-2 - -4) - -3)?
-8
What is the value of -12 - ((23 - 16) + -19) - -22?
22
Calculate (34 - 4) + -7 + -41 + -97.
-115
What is 4 - (124 - 127 - (-13 + -2 + 4))?
-4
What is (-1 - 7 - (-119 - -105) - (34 + -1)) + 14?
-13
Evaluate 15 + (3 - 9 - -25).
34
(6 + -153 - (-6 - -4 - -6)) + 19 + -4
-136
What is the value of (-26 - 1) + (-18 - (35 - 39))?
-41
Calculate (-3 - -116) + 1 + (-159 - -146 - -7).
108
Calculate 6 + -20 + (48 - 79).
-45
Evaluate (-6 - (-1 - ((-13 - -1) + 2))) + 22 + -82.
-75
Calculate -6 + 14 - (8 - (17 - 20)) - 43.
-46
Evaluate -143 + -24 + 41 + 197.
71
Evaluate 3454 + -3476 + 0 + 58.
36
Evaluate -17 + 11 - -10 - (2 + 1 + 1).
0
What is the value of -95 + (84 + -36 + -56 - -34)?
-69
Evaluate 0 + 77 + (6 - (-10 + 55)) + 33.
71
What is the value of 58 + (-1 - (-7 + (7 - 10))) + (8 - 14)?
61
What is the value of -165 + 24 - (-14 - 83)?
-44
Evaluate -1 - 0 - (12 - (-15 - (-41 - -82))).
-69
-822 - -819 - (-1 - -75)
-77
(439 - 459 - (19 - 2)) + 177
140
Evaluate -3 + (-3 + -4 - 1 - -4) - (-26 + -34).
53
What is the value of 31 + 31 - 95 - (-23 - 39)?
29
What is the value of 99 - 9 - (14 + (17 - (33 - 10)))?
82
What is the value of 14 - (-5 + 4 - 57) - (6 + 3)?
63
Evaluate -47 - -38 - (-6 - (-9 - 6) - 5).
-13
Calculate (-1 - -4) + (35 + -14 - 8) + (-26 - -34).
24
Calculate (-3 - -11) + 0 - -1 - (-5 - (4 - 40)).
-22
Calculate 0 + 65 + -1 + 228 + 20 + -242.
70
What is the value of -46 + -3 + 25 + -17?
-41
Calculate 22 + -71 + 56 + -121.
-114
Evaluate -2 + -1 - (262 + -236).
-29
What is (1 + (-1 - -3) - -12) + (-5190 - -5122)?
-53
What is 23 - (-1 - (0 - 11)) - (-5 - 5)?
23
Evaluate (-138 - -137) + -3 + -8 + -3.
-15
Calculate -88 + -2 - (-28 + 23 - (-6 + (10 - 8))).
-89
What is (-48 - 0) + (2221 - 2180)?
-7
(-8 - -17) + 26 + 9 + -4
40
Evaluate (60 - (41 + 77)) + 90.
32
What is (-17 + 13 - -14) + 0 + 1 - 34?
-23
What is the value of 55 + (-3 - (-14 - -1)) + -33?
32
Evaluate (8 - 7) + 31 + -27 - (-1 - 27).
33
Evaluate (-5 - (-34 - 0)) + (-50 - -24) - (0 + -9).
12
12 + -26 - (-14 + -12 - 8) - 72
-52
What is 4 